{"id":203,"date":"2020-08-26T08:36:14","date_gmt":"2020-08-26T08:36:14","guid":{"rendered":"https:\/\/lalinea.es\/biblioteca\/?page_id=203"},"modified":"2021-02-24T09:35:15","modified_gmt":"2021-02-24T09:35:15","slug":"hemeroteca","status":"publish","type":"page","link":"https:\/\/lalinea.es\/biblioteca\/hemeroteca\/","title":{"rendered":"Hemeroteca"},"content":{"rendered":"\n\n\n\n\n<p style=\"text-align: justify;\"><span style=\"font-size: 20px; background-color: transparent;\">La biblioteca ofrece a sus usuarios la colecci\u00f3n de prensa hist\u00f3rica de la ciudad, desde el a\u00f1o 1970 hasta 2009. Los usuarios que deseen consultarla pueden enviar un correo electr\u00f3nico a biblioteca@lalinea.es para solicitar informaci\u00f3n.<\/span><\/p>\n\n\n\n\n<p><span style=\"font-size: 20px; color: rgb(192, 80, 77);\">Diario Area<\/span><\/p><p style=\"font-size: 18px;\">1970<\/p>\n\n\n\n\n<ul style=\"font-size: 18px; list-style-type: square !important; margin-left: 10px;\">\n<li><strong><a href=\"https:\/\/lalinea.es\/biblioteca\/wp-content\/uploads\/2021\/02\/02-01-1970.pdf\" target=\"_blank\" rel=\"noopener\"> 2 <\/a><\/strong><\/li>\n<li><strong><a href=\"https:\/\/lalinea.es\/biblioteca\/wp-content\/uploads\/2021\/02\/03-01-1970.pdf\" target=\"_blank\" rel=\"noopener\"> 3 <\/a><\/strong><\/li>\n<li><strong><a href=\"https:\/\/lalinea.es\/biblioteca\/wp-content\/uploads\/2021\/02\/04-01-1970.pdf\" target=\"_blank\" rel=\"noopener\"> 4 <\/a><\/strong><\/li>\n<li><strong><a href=\"https:\/\/lalinea.es\/biblioteca\/wp-content\/uploads\/2021\/02\/06-01-1970.pdf\" target=\"_blank\" rel=\"noopener\"> 6 <\/a><\/strong><\/li>\n<li><strong><a href=\"https:\/\/lalinea.es\/biblioteca\/wp-content\/uploads\/2021\/02\/07-01-1970.pdf\" target=\"_blank\" rel=\"noopener\"> 7 <\/a><\/strong><\/li>\n<li><strong><a href=\"https:\/\/lalinea.es\/biblioteca\/wp-content\/uploads\/2021\/02\/08-01-1970.pdf\" target=\"_blank\" rel=\"noopener\"> 8 <\/a><\/strong><\/li>\n<li><strong><a href=\"https:\/\/lalinea.es\/biblioteca\/wp-content\/uploads\/2021\/02\/09-01-1970.pdf\" target=\"_blank\" rel=\"noopener\"> 9 <\/a><\/strong><\/li>\n<li><strong><a href=\"https:\/\/lalinea.es\/biblioteca\/wp-content\/uploads\/2021\/02\/10-01-1970.pdf\" target=\"_blank\" rel=\"noopener\"> 10 <\/a><\/strong><\/li>\n<li><strong><a href=\"https:\/\/lalinea.es\/biblioteca\/wp-content\/uploads\/2021\/02\/15-01-1970.pdf\" target=\"_blank\" rel=\"noopener\"> 15 <\/a><\/strong><\/li>\n<li><strong><a href=\"https:\/\/lalinea.es\/biblioteca\/wp-content\/uploads\/2021\/02\/16-01-1970.pdf\" target=\"_blank\" rel=\"noopener\"> 16 <\/a><\/strong><\/li>\n<li><strong><a href=\"https:\/\/lalinea.es\/biblioteca\/wp-content\/uploads\/2021\/02\/17-01-1970.pdf\" target=\"_blank\" rel=\"noopener\"> 17 <\/a><\/strong><\/li>\n<li><strong><a href=\"https:\/\/lalinea.es\/biblioteca\/wp-content\/uploads\/2021\/02\/18-01-1970.pdf\" target=\"_blank\" rel=\"noopener\"> 18 <\/a><\/strong><\/li>\n<li><strong><a href=\"https:\/\/lalinea.es\/biblioteca\/wp-content\/uploads\/2021\/02\/20-01-1970.pdf\" target=\"_blank\" rel=\"noopener\"> 20 <\/a><\/strong><\/li>\n<li><strong><a href=\"https:\/\/lalinea.es\/biblioteca\/wp-content\/uploads\/2021\/02\/21-01-1970.pdf\" target=\"_blank\" rel=\"noopener\"> 21 <\/a><\/strong><\/li>\n<li><strong><a href=\"https:\/\/lalinea.es\/biblioteca\/wp-content\/uploads\/2021\/02\/22-01-1970.pdf\" target=\"_blank\" rel=\"noopener\"> 22 <\/a><\/strong><\/li>\n<li><strong><a href=\"https:\/\/lalinea.es\/biblioteca\/wp-content\/uploads\/2021\/02\/23-01-1970.pdf\" target=\"_blank\" rel=\"noopener\"> 23 <\/a><\/strong><\/li>\n<li><strong><a href=\"https:\/\/lalinea.es\/biblioteca\/wp-content\/uploads\/2021\/02\/24-01-1970.pdf\" target=\"_blank\" rel=\"noopener\"> 24 <\/a><\/strong><\/li>\n<li><strong><a href=\"https:\/\/lalinea.es\/biblioteca\/wp-content\/uploads\/2021\/02\/25-01-1970.pdf\" target=\"_blank\" rel=\"noopener\"> 25 <\/a><\/strong><\/li>\n<li><strong><a href=\"https:\/\/lalinea.es\/biblioteca\/wp-content\/uploads\/2021\/02\/27-01-1970.pdf\" target=\"_blank\" rel=\"noopener\"> 27 <\/a><\/strong><\/li>\n<li><strong><a href=\"https:\/\/lalinea.es\/biblioteca\/wp-content\/uploads\/2021\/02\/28-01-1970.pdf\" target=\"_blank\" rel=\"noopener\"> 28 <\/a><\/strong><\/li>\n<li><strong><a href=\"https:\/\/lalinea.es\/biblioteca\/wp-content\/uploads\/2021\/02\/29-01-1970.pdf\" target=\"_blank\" rel=\"noopener\"> 29 <\/a><\/strong><\/li>\n<li><strong><a href=\"https:\/\/lalinea.es\/biblioteca\/wp-content\/uploads\/2021\/02\/30-01-1970.pdf\" target=\"_blank\" rel=\"noopener\"> 30 <\/a><\/strong><\/li>\n<li><strong><a href=\"https:\/\/lalinea.es\/biblioteca\/wp-content\/uploads\/2021\/02\/31-01-1970.pdf\" target=\"_blank\" rel=\"noopener\"> 31 <\/a><\/strong><\/li>\n<\/ul>\n<p>\n\n\n\n\n\n\n<ul style=\"font-size: 18px; list-style-type: square !important; margin-left: 10px;\">\n<li><strong><a href=\"https:\/\/lalinea.es\/biblioteca\/wp-content\/uploads\/2021\/02\/01-02-1970.pdf\" target=\"_blank\" rel=\"noopener\"> 1 <\/a><\/strong><\/li>\n<li><strong><a href=\"https:\/\/lalinea.es\/biblioteca\/wp-content\/uploads\/2021\/02\/03-02-1970.pdf\" target=\"_blank\" rel=\"noopener\"> 3 <\/a><\/strong><\/li>\n<li><strong><a href=\"https:\/\/lalinea.es\/biblioteca\/wp-content\/uploads\/2021\/02\/04-02-1970.pdf\" target=\"_blank\" rel=\"noopener\"> 4 <\/a><\/strong><\/li>\n<li><strong><a href=\"https:\/\/lalinea.es\/biblioteca\/wp-content\/uploads\/2021\/02\/05-02-1970.pdf\" target=\"_blank\" rel=\"noopener\"> 5 <\/a><\/strong><\/li>\n<li><strong><a href=\"https:\/\/lalinea.es\/biblioteca\/wp-content\/uploads\/2021\/02\/07-02-1970.pdf\" target=\"_blank\" rel=\"noopener\"> 7 <\/a><\/strong><\/li>\n<li><strong><a href=\"https:\/\/lalinea.es\/biblioteca\/wp-content\/uploads\/2021\/02\/08-02-1970.pdf\" target=\"_blank\" rel=\"noopener\"> 8 <\/a><\/strong><\/li>\n<li><strong><a href=\"https:\/\/lalinea.es\/biblioteca\/wp-content\/uploads\/2021\/02\/10-02-1970.pdf\" target=\"_blank\" rel=\"noopener\"> 10 <\/a><\/strong><\/li>\n<li><strong><a href=\"https:\/\/lalinea.es\/biblioteca\/wp-content\/uploads\/2021\/02\/11-02-1970.pdf\" target=\"_blank\" rel=\"noopener\"> 11 <\/a><\/strong><\/li>\n<li><strong><a href=\"https:\/\/lalinea.es\/biblioteca\/wp-content\/uploads\/2021\/02\/13-02-1970.pdf\" target=\"_blank\" rel=\"noopener\"> 13 <\/a><\/strong><\/li>\n<li><strong><a href=\"https:\/\/lalinea.es\/biblioteca\/wp-content\/uploads\/2021\/02\/14-02-1970.pdf\" target=\"_blank\" rel=\"noopener\"> 14 <\/a><\/strong><\/li>\n<li><strong><a href=\"https:\/\/lalinea.es\/biblioteca\/wp-content\/uploads\/2021\/02\/16-02-1970.pdf\" target=\"_blank\" rel=\"noopener\"> 16 <\/a><\/strong><\/li>\n<li><strong><a href=\"https:\/\/lalinea.es\/biblioteca\/wp-content\/uploads\/2021\/02\/18-02-1970.pdf\" target=\"_blank\" rel=\"noopener\"> 18 <\/a><\/strong><\/li>\n<li><strong><a href=\"https:\/\/lalinea.es\/biblioteca\/wp-content\/uploads\/2021\/02\/26-02-1970.pdf\" target=\"_blank\" rel=\"noopener\"> 26 <\/a><\/strong><\/li>\n<li><strong><a href=\"https:\/\/lalinea.es\/biblioteca\/wp-content\/uploads\/2021\/02\/27-02-1970.pdf\" target=\"_blank\" rel=\"noopener\"> 27 <\/a><\/strong><\/li>\n<li><strong><a href=\"https:\/\/lalinea.es\/biblioteca\/wp-content\/uploads\/2021\/02\/28-02-1970.pdf\" target=\"_blank\" rel=\"noopener\"> 28 <\/a><\/strong><\/li>\n<\/ul>\n\n\n\n\n\n\n<ul style=\"font-size: 18px; list-style-type: square !important; margin-left: 10px;\">\n<li><strong><a href=\"https:\/\/lalinea.es\/biblioteca\/wp-content\/uploads\/2021\/02\/04-03-1970.pdf\" target=\"_blank\" rel=\"noopener\"> 4 <\/a><\/strong><\/li>\n<li><strong><a href=\"https:\/\/lalinea.es\/biblioteca\/wp-content\/uploads\/2021\/02\/05-03-1970.pdf\" target=\"_blank\" rel=\"noopener\"> 5 <\/a><\/strong><\/li>\n<li><strong><a href=\"https:\/\/lalinea.es\/biblioteca\/wp-content\/uploads\/2021\/02\/06-03-1970.pdf\" target=\"_blank\" rel=\"noopener\"> 6 <\/a><\/strong><\/li>\n<li><strong><a href=\"https:\/\/lalinea.es\/biblioteca\/wp-content\/uploads\/2021\/02\/07-03-1970.pdf\" target=\"_blank\" rel=\"noopener\"> 7 <\/a><\/strong><\/li>\n<li><strong><a href=\"https:\/\/lalinea.es\/biblioteca\/wp-content\/uploads\/2021\/02\/11-03-1970.pdf\" target=\"_blank\" rel=\"noopener\"> 11 <\/a><\/strong><\/li>\n<li><strong><a href=\"https:\/\/lalinea.es\/biblioteca\/wp-content\/uploads\/2021\/02\/13-03-1970.pdf\" target=\"_blank\" rel=\"noopener\"> 13 <\/a><\/strong><\/li>\n<li><strong><a href=\"https:\/\/lalinea.es\/biblioteca\/wp-content\/uploads\/2021\/02\/14-03-1970.pdf\" target=\"_blank\" rel=\"noopener\"> 14 <\/a><\/strong><\/li>\n<li><strong><a href=\"https:\/\/lalinea.es\/biblioteca\/wp-content\/uploads\/2021\/02\/15-03-1970.pdf\" target=\"_blank\" rel=\"noopener\"> 15 <\/a><\/strong><\/li>\n<li><strong><a href=\"https:\/\/lalinea.es\/biblioteca\/wp-content\/uploads\/2021\/02\/17-03-1970.pdf\" target=\"_blank\" rel=\"noopener\"> 17 <\/a><\/strong><\/li>\n<li><strong><a href=\"https:\/\/lalinea.es\/biblioteca\/wp-content\/uploads\/2021\/02\/18-03-1970.pdf\" target=\"_blank\" rel=\"noopener\"> 18 <\/a><\/strong><\/li>\n<li><strong><a href=\"https:\/\/lalinea.es\/biblioteca\/wp-content\/uploads\/2021\/02\/21-03-1970.pdf\" target=\"_blank\" rel=\"noopener\"> 21 <\/a><\/strong><\/li>\n<li><strong><a href=\"https:\/\/lalinea.es\/biblioteca\/wp-content\/uploads\/2021\/02\/22-03-1970.pdf\" target=\"_blank\" rel=\"noopener\"> 22 <\/a><\/strong><\/li>\n<li><strong><a href=\"https:\/\/lalinea.es\/biblioteca\/wp-content\/uploads\/2021\/02\/24-03-1970.pdf\" target=\"_blank\" rel=\"noopener\"> 24 <\/a><\/strong><\/li>\n<li><strong><a href=\"https:\/\/lalinea.es\/biblioteca\/wp-content\/uploads\/2021\/02\/25-03-1970.pdf\" target=\"_blank\" rel=\"noopener\"> 25 <\/a><\/strong><\/li>\n<li><strong><a href=\"https:\/\/lalinea.es\/biblioteca\/wp-content\/uploads\/2021\/02\/26-03-1970.pdf\" target=\"_blank\" rel=\"noopener\"> 26 <\/a><\/strong><\/li>\n<\/ul>\n\n\n\n\n\n\n<ul style=\"font-size: 18px; list-style-type: square !important; margin-left: 10px;\">\n<li><strong><a href=\"https:\/\/lalinea.es\/biblioteca\/wp-content\/uploads\/2021\/02\/02-04-1970.pdf\" target=\"_blank\" rel=\"noopener\"> 2 <\/a><\/strong><\/li>\n<li><strong><a href=\"https:\/\/lalinea.es\/biblioteca\/wp-content\/uploads\/2021\/02\/04-04-1970.pdf\" target=\"_blank\" rel=\"noopener\"> 4 <\/a><\/strong><\/li>\n<li><strong><a href=\"https:\/\/lalinea.es\/biblioteca\/wp-content\/uploads\/2021\/02\/05-04-1970.pdf\" target=\"_blank\" rel=\"noopener\"> 5 <\/a><\/strong><\/li>\n<li><strong><a href=\"https:\/\/lalinea.es\/biblioteca\/wp-content\/uploads\/2021\/02\/08-04-1970.pdf\" target=\"_blank\" rel=\"noopener\"> 8 <\/a><\/strong><\/li>\n<li><strong><a href=\"https:\/\/lalinea.es\/biblioteca\/wp-content\/uploads\/2021\/02\/09-04-1970.pdf\" target=\"_blank\" rel=\"noopener\"> 9 <\/a><\/strong><\/li>\n<li><strong><a href=\"https:\/\/lalinea.es\/biblioteca\/wp-content\/uploads\/2021\/02\/10-04-1970.pdf\" target=\"_blank\" rel=\"noopener\"> 10 <\/a><\/strong><\/li>\n<li><strong><a href=\"https:\/\/lalinea.es\/biblioteca\/wp-content\/uploads\/2021\/02\/11-04-1970.pdf\" target=\"_blank\" rel=\"noopener\"> 11 <\/a><\/strong><\/li>\n<li><strong><a href=\"https:\/\/lalinea.es\/biblioteca\/wp-content\/uploads\/2021\/02\/12-04-1970.pdf\" target=\"_blank\" rel=\"noopener\"> 12 <\/a><\/strong><\/li>\n<li><strong><a href=\"https:\/\/lalinea.es\/biblioteca\/wp-content\/uploads\/2021\/02\/14-04-1970.pdf\" target=\"_blank\" rel=\"noopener\"> 14 <\/a><\/strong><\/li>\n<li><strong><a href=\"https:\/\/lalinea.es\/biblioteca\/wp-content\/uploads\/2021\/02\/15-04-1970.pdf\" target=\"_blank\" rel=\"noopener\"> 15 <\/a><\/strong><\/li>\n<li><strong><a href=\"https:\/\/lalinea.es\/biblioteca\/wp-content\/uploads\/2021\/02\/16-04-1970.pdf\" target=\"_blank\" rel=\"noopener\"> 16 <\/a><\/strong><\/li>\n<li><strong><a href=\"https:\/\/lalinea.es\/biblioteca\/wp-content\/uploads\/2021\/02\/17-04-1970.pdf\" target=\"_blank\" rel=\"noopener\"> 17 <\/a><\/strong><\/li>\n<li><strong><a href=\"https:\/\/lalinea.es\/biblioteca\/wp-content\/uploads\/2021\/02\/18-04-1970.pdf\" target=\"_blank\" rel=\"noopener\"> 18 <\/a><\/strong><\/li>\n<li><strong><a href=\"https:\/\/lalinea.es\/biblioteca\/wp-content\/uploads\/2021\/02\/19-04-1970.pdf\" target=\"_blank\" rel=\"noopener\"> 19 <\/a><\/strong><\/li>\n<li><strong><a href=\"https:\/\/lalinea.es\/biblioteca\/wp-content\/uploads\/2021\/02\/21-04-1970.pdf\" target=\"_blank\" rel=\"noopener\"> 21 <\/a><\/strong><\/li>\n<li><strong><a href=\"https:\/\/lalinea.es\/biblioteca\/wp-content\/uploads\/2021\/02\/23-04-1970.pdf\" target=\"_blank\" rel=\"noopener\"> 23 <\/a><\/strong><\/li>\n<li><strong><a href=\"https:\/\/lalinea.es\/biblioteca\/wp-content\/uploads\/2021\/02\/25-04-1970.pdf\" target=\"_blank\" rel=\"noopener\"> 25 <\/a><\/strong><\/li>\n<li><strong><a href=\"https:\/\/lalinea.es\/biblioteca\/wp-content\/uploads\/2021\/02\/28-04-1970.pdf\" target=\"_blank\" rel=\"noopener\"> 28 <\/a><\/strong><\/li>\n<\/ul>\n\n\n\n\n\n\n<ul style=\"font-size: 18px; list-style-type: square !important; margin-left: 10px;\">\n<li><strong><a href=\"https:\/\/lalinea.es\/biblioteca\/wp-content\/uploads\/2021\/02\/1-05-1970.pdf\" target=\"_blank\" rel=\"noopener\"> 1 <\/a><\/strong><\/li>\n<li><strong><a href=\"https:\/\/lalinea.es\/biblioteca\/wp-content\/uploads\/2021\/02\/2-05-1970.pdf\" target=\"_blank\" rel=\"noopener\"> 2 <\/a><\/strong><\/li>\n<li><strong><a href=\"https:\/\/lalinea.es\/biblioteca\/wp-content\/uploads\/2021\/02\/3-05-1970.pdf\" target=\"_blank\" rel=\"noopener\"> 3 <\/a><\/strong><\/li>\n<li><strong><a href=\"https:\/\/lalinea.es\/biblioteca\/wp-content\/uploads\/2021\/02\/5-05-1970.pdf\" target=\"_blank\" rel=\"noopener\"> 5 <\/a><\/strong><\/li>\n<li><strong><a href=\"https:\/\/lalinea.es\/biblioteca\/wp-content\/uploads\/2021\/02\/6-05-1970.pdf\" target=\"_blank\" rel=\"noopener\"> 6 <\/a><\/strong><\/li>\n<li><strong><a href=\"https:\/\/lalinea.es\/biblioteca\/wp-content\/uploads\/2021\/02\/7-05-1970.pdf\" target=\"_blank\" rel=\"noopener\"> 7 <\/a><\/strong><\/li>\n<li><strong><a href=\"https:\/\/lalinea.es\/biblioteca\/wp-content\/uploads\/2021\/02\/9-05-1970.pdf\" target=\"_blank\" rel=\"noopener\"> 9 <\/a><\/strong><\/li>\n<li><strong><a href=\"https:\/\/lalinea.es\/biblioteca\/wp-content\/uploads\/2021\/02\/13-05-1970.pdf\" target=\"_blank\" rel=\"noopener\"> 13 <\/a><\/strong><\/li>\n<li><strong><a href=\"https:\/\/lalinea.es\/biblioteca\/wp-content\/uploads\/2021\/02\/14-05-1970.pdf\" target=\"_blank\" rel=\"noopener\"> 14 <\/a><\/strong><\/li>\n<li><strong><a href=\"https:\/\/lalinea.es\/biblioteca\/wp-content\/uploads\/2021\/02\/16-05-1970.pdf\" target=\"_blank\" rel=\"noopener\"> 16 <\/a><\/strong><\/li>\n<li><strong><a href=\"https:\/\/lalinea.es\/biblioteca\/wp-content\/uploads\/2021\/02\/17-05-1970.pdf\" target=\"_blank\" rel=\"noopener\"> 17 <\/a><\/strong><\/li>\n<li><strong><a href=\"https:\/\/lalinea.es\/biblioteca\/wp-content\/uploads\/2021\/02\/20-05-1970.pdf\" target=\"_blank\" rel=\"noopener\"> 20 <\/a><\/strong><\/li>\n<li><strong><a href=\"https:\/\/lalinea.es\/biblioteca\/wp-content\/uploads\/2021\/02\/23-05-1970.pdf\" target=\"_blank\" rel=\"noopener\"> 23 <\/a><\/strong><\/li>\n<li><strong><a href=\"https:\/\/lalinea.es\/biblioteca\/wp-content\/uploads\/2021\/02\/28-05-1970.pdf\" target=\"_blank\" rel=\"noopener\"> 28 <\/a><\/strong><\/li>\n<li><strong><a href=\"https:\/\/lalinea.es\/biblioteca\/wp-content\/uploads\/2021\/02\/29-05-1970.pdf\" target=\"_blank\" rel=\"noopener\"> 29 <\/a><\/strong><\/li>\n<li><strong><a href=\"https:\/\/lalinea.es\/biblioteca\/wp-content\/uploads\/2021\/02\/30-05-1970.pdf\" target=\"_blank\" rel=\"noopener\"> 30 <\/a><\/strong><\/li>\n<\/ul>\n\n\n\n\n\n\n<ul style=\"font-size: 18px; list-style-type: square !important; margin-left: 10px;\">\n<li><strong><a href=\"https:\/\/lalinea.es\/biblioteca\/wp-content\/uploads\/2021\/02\/3-06-1970.pdf\" target=\"_blank\" rel=\"noopener\"> 3 <\/a><\/strong><\/li>\n<li><strong><a href=\"https:\/\/lalinea.es\/biblioteca\/wp-content\/uploads\/2021\/02\/4-06-1970.pdf\" target=\"_blank\" rel=\"noopener\"> 4 <\/a><\/strong><\/li>\n<li><strong><a href=\"https:\/\/lalinea.es\/biblioteca\/wp-content\/uploads\/2021\/02\/6-06-1970.pdf\" target=\"_blank\" rel=\"noopener\"> 6 <\/a><\/strong><\/li>\n<li><strong><a href=\"https:\/\/lalinea.es\/biblioteca\/wp-content\/uploads\/2021\/02\/7-06-1970.pdf\" target=\"_blank\" rel=\"noopener\"> 7 <\/a><\/strong><\/li>\n<li><strong><a href=\"https:\/\/lalinea.es\/biblioteca\/wp-content\/uploads\/2021\/02\/13-06-1970.pdf\" target=\"_blank\" rel=\"noopener\"> 13 <\/a><\/strong><\/li>\n<li><strong><a href=\"https:\/\/lalinea.es\/biblioteca\/wp-content\/uploads\/2021\/02\/16-06-1970.pdf\" target=\"_blank\" rel=\"noopener\"> 16 <\/a><\/strong><\/li>\n<li><strong><a href=\"https:\/\/lalinea.es\/biblioteca\/wp-content\/uploads\/2021\/02\/17-06-1970.pdf\" target=\"_blank\" rel=\"noopener\"> 17 <\/a><\/strong><\/li>\n<li><strong><a href=\"https:\/\/lalinea.es\/biblioteca\/wp-content\/uploads\/2021\/02\/18-06-1970.pdf\" target=\"_blank\" rel=\"noopener\"> 18 <\/a><\/strong><\/li>\n<li><strong><a href=\"https:\/\/lalinea.es\/biblioteca\/wp-content\/uploads\/2021\/02\/19-06-1970.pdf\" target=\"_blank\" rel=\"noopener\"> 19 <\/a><\/strong><\/li>\n<li><strong><a href=\"https:\/\/lalinea.es\/biblioteca\/wp-content\/uploads\/2021\/02\/25-06-1970.pdf\" target=\"_blank\" rel=\"noopener\"> 25 <\/a><\/strong><\/li>\n<li><strong><a href=\"https:\/\/lalinea.es\/biblioteca\/wp-content\/uploads\/2021\/02\/26-06-1970.pdf\" target=\"_blank\" rel=\"noopener\"> 26 <\/a><\/strong><\/li>\n<li><strong><a href=\"https:\/\/lalinea.es\/biblioteca\/wp-content\/uploads\/2021\/02\/27-06-1970.pdf\" target=\"_blank\" rel=\"noopener\"> 27 <\/a><\/strong><\/li>\n<li><strong><a href=\"https:\/\/lalinea.es\/biblioteca\/wp-content\/uploads\/2021\/02\/28-06-1970.pdf\" target=\"_blank\" rel=\"noopener\"> 28 <\/a><\/strong><\/li>\n<li><strong><a href=\"https:\/\/lalinea.es\/biblioteca\/wp-content\/uploads\/2021\/02\/30-06-1970.pdf\" target=\"_blank\" rel=\"noopener\"> 30 <\/a><\/strong><\/li>\n<\/ul>\n\n\n\n\n\n\n\n\n\n\n\n\n\n\n\n\n\n\n\n\n\n\n\n\n\n\n\n\n\n\n\n\n\n\n\n\n\n\n\n\n\n\n\n","protected":false},"excerpt":{"rendered":"","protected":false},"author":1,"featured_media":0,"parent":0,"menu_order":0,"comment_status":"closed","ping_status":"closed","template":"","meta":[],"_links":{"self":[{"href":"https:\/\/lalinea.es\/biblioteca\/wp-json\/wp\/v2\/pages\/203"}],"collection":[{"href":"https:\/\/lalinea.es\/biblioteca\/wp-json\/wp\/v2\/pages"}],"about":[{"href":"https:\/\/lalinea.es\/biblioteca\/wp-json\/wp\/v2\/types\/page"}],"author":[{"embeddable":true,"href":"https:\/\/lalinea.es\/biblioteca\/wp-json\/wp\/v2\/users\/1"}],"replies":[{"embeddable":true,"href":"https:\/\/lalinea.es\/biblioteca\/wp-json\/wp\/v2\/comments?post=203"}],"version-history":[{"count":41,"href":"https:\/\/lalinea.es\/biblioteca\/wp-json\/wp\/v2\/pages\/203\/revisions"}],"predecessor-version":[{"id":550,"href":"https:\/\/lalinea.es\/biblioteca\/wp-json\/wp\/v2\/pages\/203\/revisions\/550"}],"wp:attachment":[{"href":"https:\/\/lalinea.es\/biblioteca\/wp-json\/wp\/v2\/media?parent=203"}],"curies":[{"name":"wp","href":"https:\/\/api.w.org\/{rel}","templated":true}]}}