{"id":47,"date":"2020-07-15T08:09:24","date_gmt":"2020-07-15T08:09:24","guid":{"rendered":"https:\/\/lalinea.es\/biblioteca\/?page_id=47"},"modified":"2020-10-26T10:01:13","modified_gmt":"2020-10-26T10:01:13","slug":"e-biblio","status":"publish","type":"page","link":"https:\/\/lalinea.es\/biblioteca\/e-biblio\/","title":{"rendered":"e-Biblio"},"content":{"rendered":"\n<figure class=\"wp-block-image size-large is-style-default\"><a href=\"https:\/\/andalucia.ebiblio.es\/opac\/#indice\" target=\"_blank\" rel=\"noopener noreferrer\"><img loading=\"lazy\" width=\"1024\" height=\"1024\" src=\"https:\/\/lalinea.es\/biblioteca\/wp-content\/uploads\/2020\/07\/Baner-RRSS-E-Biblio-1-1024x1024.jpg\" alt=\"\" class=\"wp-image-54\" srcset=\"https:\/\/lalinea.es\/biblioteca\/wp-content\/uploads\/2020\/07\/Baner-RRSS-E-Biblio-1-1024x1024.jpg 1024w, https:\/\/lalinea.es\/biblioteca\/wp-content\/uploads\/2020\/07\/Baner-RRSS-E-Biblio-1-300x300.jpg 300w, https:\/\/lalinea.es\/biblioteca\/wp-content\/uploads\/2020\/07\/Baner-RRSS-E-Biblio-1-150x150.jpg 150w, https:\/\/lalinea.es\/biblioteca\/wp-content\/uploads\/2020\/07\/Baner-RRSS-E-Biblio-1-768x768.jpg 768w, https:\/\/lalinea.es\/biblioteca\/wp-content\/uploads\/2020\/07\/Baner-RRSS-E-Biblio-1-1536x1536.jpg 1536w, https:\/\/lalinea.es\/biblioteca\/wp-content\/uploads\/2020\/07\/Baner-RRSS-E-Biblio-1.jpg 1575w\" sizes=\"(max-width: 1024px) 100vw, 1024px\" \/><\/a><\/figure>\n\n\n\n<p>e-Biblio es un servicio de la Red de Lectura P\u00fablica de Andaluc\u00eda que hace posible la lectura de libros electr\u00f3nicos a trav\u00e9s de internet.<\/p>\n\n\n\n<p>E-Biblio pone a disposici\u00f3n del ciudadano una plataforma tecnol\u00f3gica con las principales novedades editoriales en formato digital, para poder tomarlas en pr\u00e9stamo, y leerlas en diferentes dispositivos: tabletas, tel\u00e9fonos inteligentes, ordenadores personales o lectores de libros electr\u00f3nicos compatibles.<br>Tambi\u00e9n se puede acceder a trav\u00e9s de la app e-Biblio Andaluc\u00eda disponible para Ios y Android.<br>Para darse de alta en el servicio, es necesario tener la tarjeta de usuario de la Red de Bibliotecas de Andaluc\u00eda, y aportar una direcci\u00f3n de correo electr\u00f3nico en uso.<br>Para m\u00e1s informaci\u00f3n puede acudir a la biblioteca. En el mostrador de pr\u00e9stamos de la 1a planta le facilitaremos toda la informaci\u00f3n que necesite, as\u00ed como las claves de acceso de usuario.<\/p>\n\n\n\n<p><a href=\"http:\/\/lalinea.es\/biblioteca\/wp-content\/uploads\/recursos\/Folleto%20ebiblio.pdf\">Descargar Folleto informativo<\/a> <\/p>\n","protected":false},"excerpt":{"rendered":"<p>e-Biblio es un servicio de la Red de Lectura P\u00fablica de Andaluc\u00eda que hace posible la lectura de libros electr\u00f3nicos a trav\u00e9s de internet. E-Biblio pone a disposici\u00f3n del ciudadano<\/p><\/div>\n<div class=\"blog-btn\"><a href=\"https:\/\/lalinea.es\/biblioteca\/e-biblio\/\" class=\"home-blog-btn\">Leer m\u00e1s<\/a><\/p>\n","protected":false},"author":1,"featured_media":0,"parent":0,"menu_order":0,"comment_status":"closed","ping_status":"closed","template":"","meta":[],"_links":{"self":[{"href":"https:\/\/lalinea.es\/biblioteca\/wp-json\/wp\/v2\/pages\/47"}],"collection":[{"href":"https:\/\/lalinea.es\/biblioteca\/wp-json\/wp\/v2\/pages"}],"about":[{"href":"https:\/\/lalinea.es\/biblioteca\/wp-json\/wp\/v2\/types\/page"}],"author":[{"embeddable":true,"href":"https:\/\/lalinea.es\/biblioteca\/wp-json\/wp\/v2\/users\/1"}],"replies":[{"embeddable":true,"href":"https:\/\/lalinea.es\/biblioteca\/wp-json\/wp\/v2\/comments?post=47"}],"version-history":[{"count":5,"href":"https:\/\/lalinea.es\/biblioteca\/wp-json\/wp\/v2\/pages\/47\/revisions"}],"predecessor-version":[{"id":231,"href":"https:\/\/lalinea.es\/biblioteca\/wp-json\/wp\/v2\/pages\/47\/revisions\/231"}],"wp:attachment":[{"href":"https:\/\/lalinea.es\/biblioteca\/wp-json\/wp\/v2\/media?parent=47"}],"curies":[{"name":"wp","href":"https:\/\/api.w.org\/{rel}","templated":true}]}}